
11
Let g = -12 - -8. Let l be -29 + -8 + (g - -1). Let o = l + 64. List the prime factors of o.
2, 3
Suppose 0 = -t - 3*o + 14 + 3, -17 = -t + 2*o. Let w(l) = 6*l - 16. What are the prime factors of w(t)?
2, 43
Suppose 7*j + a = 2*j + 1670, -j + 350 = -3*a. Suppose m + j = 6*m. What are the prime factors of m?
67
Let s(g) = 13*g**3 + 20*g**2 - 24*g + 135. List the prime factors of s(6).
3, 17, 23
Let g(x) = -145*x - 9. List the prime factors of g(-3).
2, 3, 71
Suppose -199 = -4*p - y - 3, -5*p + y = -254. Suppose 420 = 5*n - 5*m, 2*m + 35 = n - p. What are the prime factors of n?
83
Let h(d) be the second derivative of d**4/4 - 19*d**3/6 + 4*d**2 - 23*d. List the prime factors of h(10).
2, 59
Let l = 525 + 588. List the prime factors of l.
3, 7, 53
Suppose 19528 = -38*d + 104838. List the prime factors of d.
5, 449
Let h = 26 - -10. Let x = 54 - h. List the prime factors of x.
2, 3
Suppose -y = 3, -3*p - y + 3*y - 9 = 0. Let x(f) = -5 + 2 - 1 + 11 - f**2 - 6*f. What are the prime factors of x(p)?
2, 3
Let y(b) = -b**2 + 15*b + 18. Let i be y(16). Suppose -i*w + 158 = 4*n, 0 = -2*n - 3*w + 69. List the prime factors of n.
2, 3, 7
Suppose -3260 = -15*h + 14725. What are the prime factors of h?
11, 109
Let c = -100 - -204. Let o = 379 - c. List the prime factors of o.
5, 11
Let z(a) = -69*a**3 - 2*a**2 - 6*a - 2. Let k be z(-2). Let q = k - 269. List the prime factors of q.
3, 5, 19
Suppose -5*n + 3*n - 5*k = -10, n - 5 = -k. Suppose n*j - 80 - 25 = 0. Suppose -g + 22 + j = 0. What are the prime factors of g?
43
Suppose 3*w = 5*i - 73, 3*i = -2*w + 7 + 52. Suppose i*b - 18*b = -10. Let s(q) = -2*q + 23. List the prime factors of s(b).
3
Suppose -s = -5*s - 3*c + 47, -c + 56 = 5*s. List the prime factors of (-2)/s + (-17493)/(-77).
227
Let c(n) = 8*n + 5. Let s be c(4). Let l = 99 - s. Let h = 97 - l. What are the prime factors of h?
5, 7
Let o(n) be the second derivative of -n**4/12 + 25*n**2 + 24*n. List the prime factors of o(0).
2, 5
Suppose 0 = 2*d - 5*x + 6, 3*d + 5*x + 0 = -9. List the prime factors of d/(-9) - 0 - 2049/(-9).
2, 3, 19
Suppose -9*x + 13*x - 7272 = 0. What are the prime factors of x?
2, 3, 101
Let x be 8/6*(-285)/10. Let i be (-36)/(-24) - x/(-4). What are the prime factors of 358/15 - i/60?
2, 3
Let v(f) = -6*f - 2 - 6 + 5*f. Let j be v(-3). Let h(a) = -a**2 - 6*a + 1. List the prime factors of h(j).
2, 3
Let w = 877 + 232. What are the prime factors of w?
1109
Suppose 8*y + 3*r - 1181 = 6*y, 3*y + 5*r - 1769 = 0. What are the prime factors of y?
2, 13, 23
Suppose -4 = -7*y + 304. Suppose -4*u + y = -132. What are the prime factors of u?
2, 11
Let b = -167 - -313. Suppose 3*n = a + b, -136 = -3*n - 0*a - 4*a. List the prime factors of n.
2, 3
Let s(b) = 2*b + 6. Let d(f) = -f - 1. Let z(w) = 5*d(w) + s(w). Let i be z(3). List the prime factors of (-2)/i - (-27)/4.
7
Let w(a) = -a**2 + 11*a - 6. Let k be w(10). Suppose -5*u + 34 = -v, 0*u - k*v = u + 10. Let j = u + 11. List the prime factors of j.
17
Suppose 17 = x + 2*x + w, -3*w + 3 = x. Let f(a) = -a**2 - 3*a. Let d be f(-3). Suppose -g = 2*q - x, g + d*q = 4*q + 12. List the prime factors of g.
2
Let d = 40 + -43. What are the prime factors of 2/d*(-3234)/28?
7, 11
Let i be ((-1)/(3/3))/(1/12). What are the prime factors of (-1126)/i + 8/48?
2, 47
Let a(j) = 110*j - 105. What are the prime factors of a(10)?
5, 199
Let z = 4464 - 1185. List the prime factors of z.
3, 1093
Let d = -123 + 123. Suppose 4*a + 356 = 2*h, d = 2*h + 2*a + 2*a - 364. List the prime factors of h.
2, 3, 5
Let o(x) = -30*x**2 + 5*x + 7. Let k be o(-2). Let u = 187 + k. List the prime factors of u.
2
Let j = 3 - -4. Suppose -j*h = -3*h - 8. Suppose -3*r = 3*i - 153, r + 76 = h*r - 4*i. What are the prime factors of r?
2, 7
List the prime factors of (1 - (-2)/(-4))*5080/10.
2, 127
What are the prime factors of (-27)/72 - (-1910)/16?
7, 17
Let y = 289 + -225. List the prime factors of y.
2
Let h(i) = i**3 + 7*i**2 + i + 4. Let c be h(-7). Let v(g) = 2*g**2 - 13 + 2 + 10 + 2. What are the prime factors of v(c)?
19
Let u(n) = -15*n + 1. Suppose -r = -2*x - 15, -2*x - 25 = x + r. What are the prime factors of u(x)?
11
Let t = 14 + -12. List the prime factors of t/9 - (-151)/9.
17
Let y = -10 - -10. Suppose y = 5*c - 20, -5*s + 207 + 109 = 4*c. List the prime factors of s.
2, 3, 5
Let z = -206 - -1097. List the prime factors of z.
3, 11
Suppose 15 = -5*i, -y + i + 669 = 2*y. List the prime factors of y.
2, 3, 37
Suppose 173 + 93 = j. What are the prime factors of j/3 - 16/24?
2, 11
Let i = 355 + 330. List the prime factors of i.
5, 137
Suppose 5*c - 26*z - 820 = -31*z, c + 4*z - 155 = 0. What are the prime factors of c?
167
Let w = 115 - 43. Let p = 22 - w. List the prime factors of 87/5 + 20/p.
17
Let c = 540 - 338. What are the prime factors of (c - 16)*2/6?
2, 31
Let f = -449 - -655. What are the prime factors of f?
2, 103
Let u(z) be the second derivative of z**4/12 + z**3/3 + z**2 - 5*z. Let d be u(5). Suppose -2*t + d + 5 = 0. What are the prime factors of t?
3, 7
Let x(o) = -o + 10. Let r be x(7). What are the prime factors of (-2)/(r + (-321)/105)?
5, 7
Let x(y) = -y**3 + 3*y**2 + 8*y + 12. Let v be x(5). Suppose -w + 3*m + 52 = 0, -2*m - 89 = -v*w + m. Let i = w + -23. What are the prime factors of i?
2, 7
Let d(w) = 18*w**3 - 3*w. What are the prime factors of d(2)?
2, 3, 23
Suppose 4*t + 30 = 4*o + 6, 20 = -2*t + 4*o. Let c be ((-8)/24)/(t/12). Suppose c*z + z = 168. List the prime factors of z.
2, 7
Let d(y) = -22*y + 14. Let q be d(-6). Let i = 238 - q. What are the prime factors of i?
2, 23
Let f(g) = -g**2 - 11*g - 9. Let q be f(-9). Let w(k) = 9*k - 8. Let z be w(q). Suppose 5*r - z = -3*o, -o + 5*r + 31 = -0*r. List the prime factors of o.
2, 13
Suppose 85 = -b + 2*b. Suppose -37*l = -32*l - b. What are the prime factors of l?
17
Let r(k) = -k**3 - 16*k**2 + 74*k - 6. List the prime factors of r(-23).
3, 5, 7, 19
Let v(f) = 3*f - 1. Suppose 0 = -3*h + 2*h + 2*k - 18, -2*h = 2*k + 18. Let t be 1/4 + (-33)/h. List the prime factors of v(t).
2
Let w be ((-8)/(-10))/(2/10). Suppose -w*s + 3*s = 4, 4*s + 81 = -5*p. List the prime factors of 1 + 1 + p + 55.
2, 11
Let s(z) = z + 48. Let k be s(-7). Suppose 2*y = 101 + k. What are the prime factors of y?
71
Let w(u) = u**3 + 12*u**2 - 94*u - 15. What are the prime factors of w(-17)?
2, 3, 23
Suppose c - 4 + 3 = 0, 1 = o + c. What are the prime factors of (1 - o/1)*(42 + -3)?
3, 13
Let l(b) = 139*b**3 + 2*b**2 - b - 2. Let c be l(-1). What are the prime factors of 1*c/(-4)*(-10)/(-3)?
5, 23
Let n(g) = 12*g - 6. Let b be n(-3). What are the prime factors of -15*b/9 - -2?
2, 3
Suppose 3*s + 134 = 6*s - 4*z, z + 137 = 3*s. Suppose j = 2*r + s, 0 = -0*r - 2*r - 2. List the prime factors of j.
2, 11
Let y(c) = -4*c - 3. Let a be y(-12). Let h = -21 + a. List the prime factors of (-1)/(28/h)*-21.
2, 3
Suppose 348 = 4*x + 3*k - k, 4*k - 256 = -3*x. Suppose -1 + 3 = f. Suppose -f*r + x = 12. List the prime factors of r.
2, 19
Let h(u) = -6*u - 31. Let n(y) = -2*y - 10. Let f(b) = -2*h(b) + 7*n(b). Let j be f(-6). Suppose -t = j*t - 50. What are the prime factors of t?
2, 5
Suppose 1901 = 5*i - 3*p, -3*i + 1131 = -0*i - 5*p. List the prime factors of i.
2, 191
What are the prime factors of ((-6)/3)/(4/(-1046))?
523
Let f(w) = -w**2 - 19*w - 27. What are the prime factors of f(-5)?
43
Suppose 0*k - 5*k = -15. Let l be 0 - (k - (-6)/(-2)). What are the prime factors of (2 - l) + -4 + 10?
2
Let k(h) = -2*h + 18. Let r be k(9). Suppose -z = -3*s - 0*z + 177, r = s + 5*z - 59. List the prime factors of s.
59
Let w = 1980 + 799. What are the prime factors of w?
7, 397
Let m = 339 + -1039. Let f = -489 - m. List the prime factors of 45/(-60) - f/(-4).
2, 13
Suppose -2*c + 5*p = -163 - 7, -c - 2*p = -94. Suppose c = 8*m - 5*m. List the prime factors of m.
2, 3, 5
Suppose -d = -5*k + 159, -3*k + 4*d + 94 = 2*d. Let v = 66 - k. What are the prime factors of v?
2, 17
Let b(g) be the first derivative of 43*g**2/2 + 12*g + 8. List the prime factors of b(4).
2, 23
Let h = 18 - -2. Let k be (4 - -1)*8/h. Suppose -k*v + 25 = j - 2, -5*v + 3*j = -73. What are the prime factors of v?
2, 7
Let t = 2875 - 1475. List the prime factors of t.
2, 5, 7
Let o(t) = -229*t - 1. 